-1 + -170?
-171
In base 2, what is -100111101010 + -10111110?
-101010101000
In base 9, what is 48375 - -2?
48377
In base 9, what is -142306 + 3?
-142303
In base 2, what is 100 - -11100101001110001?
11100101001110101
In base 14, what is 143 + -2dd?
-19a
In base 12, what is -16 + 69?
53
In base 16, what is -25 + 1d5?
1b0
In base 7, what is -365 + 16406?
16011
In base 13, what is 2398 - -cb?
2496
In base 11, what is 2 + 15820?
15822
In base 14, what is 0 - 556a?
-556a
In base 8, what is -72 - 5673?
-5765
In base 10, what is -3413 - -2?
-3411
In base 9, what is -3151 + 1040?
-2111
In base 5, what is 21 - 220442?
-220421
In base 6, what is -51421 - -13?
-51404
In base 2, what is 1001110010101010 - 10?
1001110010101000
In base 11, what is 48 + 898?
935
In base 9, what is 801 + -127?
663
In base 6, what is 20240405 - 0?
20240405
In base 11, what is -11 - 39?
-4a
In base 2, what is -1001001111 + 1001001?
-1000000110
In base 9, what is -6 - 242283?
-242300
In base 12, what is -2 + -b321?
-b323
In base 9, what is 1 - 70853?
-70852
In base 5, what is -32104001 - 12?
-32104013
In base 7, what is 135 + -160?
-22
In base 10, what is 32 + 8352?
8384
In base 15, what is 17 + 325e?
3276
In base 13, what is -53535 + -6?
-5353b
In base 2, what is 10011111 - -10111011001?
11001111000
In base 8, what is 1 + 47076?
47077
In base 5, what is 4011341 - 1?
4011340
In base 4, what is 31332230 + -130?
31332100
In base 5, what is 1104241422 + -10?
1104241412
In base 4, what is 11 - -22232332?
22233003
In base 15, what is -580 + 55?
-52a
In base 14, what is -1 + -20275?
-20276
In base 10, what is 1 - -577607?
577608
In base 11, what is 1021a - 14a?
10080
In base 14, what is -d62 + -10?
-d72
In base 9, what is 570 + -23?
546
In base 16, what is 3104e - 0?
3104e
In base 7, what is 13 - -26624?
26640
In base 10, what is 579 - 518?
61
In base 10, what is 137 - 2094?
-1957
In base 10, what is -12 - 1773?
-1785
In base 8, what is 7342 + 20?
7362
In base 4, what is 133330122 - 2?
133330120
In base 10, what is -71 - -1654?
1583
In base 14, what is -355 + 75?
-2c0
In base 5, what is 10 - -22014240?
22014300
In base 11, what is 3731 + 29?
375a
In base 10, what is 310 - -337?
647
In base 5, what is -24142324 - 1?
-24142330
In base 8, what is -10 + -124?
-134
In base 9, what is 130711 + 3?
130714
In base 8, what is 20 + 40724?
40744
In base 13, what is 7899 - 184?
7715
In base 2, what is 1001010 + -11010100000?
-11001010110
In base 3, what is 20000211 - 10111?
12220100
In base 16, what is 8e0 + -eb?
7f5
In base 6, what is 120113 - 4?
120105
In base 14, what is 3c + 1c4?
222
In base 8, what is 6 - -1255701?
1255707
In base 3, what is 21101 + 101222121?
102020222
In base 2, what is -10010000100100111 - 0?
-10010000100100111
In base 7, what is -123 - 23515?
-23641
In base 2, what is -10100111 + -100001?
-11001000
In base 2, what is -1000 - 1000101100?
-1000110100
In base 13, what is 319 + 633?
94c
In base 11, what is -839 + 1?
-838
In base 12, what is -a - 1a0a?
-1a18
In base 14, what is 37 + ac?
105
In base 5, what is 10413 + 311?
11224
In base 4, what is -22123121 + 31?
-22123030
In base 12, what is 4 + -16b797?
-16b793
In base 15, what is b41 + c?
b4d
In base 14, what is -2 + 224d?
224b
In base 16, what is 153e + 16?
1554
In base 16, what is 30aa9 + -1?
30aa8
In base 6, what is -34014 - 1?
-34015
In base 7, what is 524021 + -3?
524015
In base 11, what is 3a9938 - 3?
3a9935
In base 16, what is -21e92 - 4?
-21e96
In base 12, what is -14b + 118a?
103b
In base 6, what is 140232 + -24?
140204
In base 6, what is -34 + 112510?
112432
In base 11, what is 1 - 5aa?
-5a9
In base 6, what is -3 - 14203302?
-14203305
In base 15, what is -3 + -cb312?
-cb315
In base 7, what is 4026 - 332?
3364
In base 14, what is -285b - 2b0?
-2b2b
In base 16, what is 10fe31 - -2?
10fe33
In base 4, what is 3 + -211002200?
-211002131
In base 4, what is 213 - 12130010?
-12123131
In base 4, what is -2223 - -1200?
-1023
In base 5, what is -20220030 + 2?
-20220023
In base 11, what is -4041 + -222?
-4263
In base 15, what is 225 + 142?
367
In base 4, what is -3 + 221303?
221300
In base 3, what is -12 - 221211120202?
-221211120221
In base 13, what is -29a3 - 26?
-29c9
In base 5, what is -21330 - -420?
-20410
In base 2, what is -100000111100110101 + -1000?
-100000111100111101
In base 12, what is 46a - 1?
469
In base 8, what is -1136 + 101?
-1035
In base 11, what is 1 - 167609?
-167608
In base 14, what is 55 - 63?
-c
In base 8, what is 537074 - -1?
537075
In base 8, what is 14 + -37355?
-37341
In base 12, what is 1a + -1927?
-1909
In base 13, what is -64b0 + 3?
-64aa
In base 5, what is 1232430 + -342?
1232033
In base 14, what is -149280 - -2?
-14927c
In base 8, what is 34261 + -1?
34260
In base 4, what is 0 - -12323201?
12323201
In base 12, what is 346 - 4414?
-408a
In base 9, what is 7557 + 1?
7558
In base 7, what is 22 + 40654?
41006
In base 10, what is -51 - -5013?
4962
In base 5, what is -240334 + 231?
-240103
In base 11, what is 2 - a7226?
-a7224
In base 14, what is 171 - -1dc4?
2155
In base 5, what is 4120 + 134?
4304
In base 13, what is -14 + -154b?
-1562
In base 5, what is 34 + -13212133?
-13212044
In base 12, what is -3 + -1324?
-1327
In base 12, what is 8ba4 - 5?
8b9b
In base 12, what is -34a + 74?
-296
In base 15, what is 6 - -b3e6c?
b3e73
In base 8, what is -6 + -23003?
-23011
In base 8, what is -23524 + -7?
-23533
In base 14, what is -c1a + 7c?
-b7c
In base 4, what is -203022 + 112?
-202310
In base 11, what is 5 - -a8151?
a8156
In base 15, what is 36 - c02?
-bbb
In base 16, what is -c08 - -3?
-c05
In base 15, what is 2a5 - -a?
2b0
In base 8, what is -1262 + 270?
-772
In base 9, what is 16 - -1703?
1720
In base 13, what is 42 - 1c55?
-1c13
In base 2, what is -110010100 - -10000?
-110000100
In base 13, what is 2 - -2aa65?
2aa67
In base 9, what is -614 - 3257?
-3872
In base 2, what is 100 - -1010100000111001?
1010100000111101
In base 10, what is 80239 - 2?
80237
In base 4, what is -22232001 - -1?
-22232000
In base 14, what is -1817ad + 0?
-1817ad
In base 2, what is -111 - -10010001001010111?
10010001001010000
In base 14, what is 3 + 31a3c?
31a41
In base 10, what is -22627 + -5?
-22632
In base 3, what is -2110 + -1220110?
-1222220
In base 12, what is -62 + 225b?
21b9
In base 12, what is 3709 - 16?
36b3
In base 12, what is -3 + 143415?
143412
In base 2, what is -10111 - -1010000?
111001
In base 5, what is -41 - -2210420?
2210324
In base 4, what is 0 + -322112?
-322112
In base 8, what is 3 - 311417?
-311414
In base 15, what is -250 + 7d?
-1c2
In base 13, what is 5 + 158c6?
158cb
In base 11, what is -698 + -38?
-725
In base 12, what is -52b24 - -a?
-52b16
In base 6, what is -3 - -25242?
25235
In base 16, what is 2 + d25?
d27
In base 5, what is 2 - -14013341?
14013343
In base 11, what is 62 + -aa8?
-a46
In base 10, what is -2888390 + -2?
-2888392
In base 13, what is 12 - 10c5?
-10b3
In base 15, what is -b + -6c5?
-6d1
In base 4, what is 110031 + 2222?
112313
In base 3, what is -1 - -101200000?
101122222
In base 11, what is -111 + -1643?
-1754
In base 3, what is -1 - 20200010220?
-20200010221
In base 5, what is -2 - 4311?
-4313
In base 15, what is -7205 + 0?
-7205
In base 11, what is 3948 + 380?
4218
In base 14, what is -1 - 9a60?
-9a61
In base 9, what is 730 + -8?
721
In base 3, what is -100 + -220201220?
-220202020
In base 16, what is -10b256 + 5?
-10b251
In base 6, what is -4534 + 4?
-4530
In base 8, what is -5 + -2050130?
-2050135
In base 11, what is 9281a + 9?
92828
In base 2, what is -110010001 - 111000?
-111001001
In base 10, what is -11 - -41932?
41921
In base 14, what is 12 + 2126?
2138
In base 7, what is -3 - 40336?
-40342
In base 16, what is 19 - 26f3?
-26da
In base 8, what is 160165 - 4?
160161
In base 7, what is 0 + 1422455?
1422455
In base 9, what is -1384 + -1087?
-2482
In base 4, what is -12321213 - 30?
-12321303
In base 12, what is -4 - a11a?
-a122
In base 15, what is 344 + -54?
2e0
In base 12, what is 3 - -1a65?
1a68
In base 10, what is -2948 - -5?
-2943
In base 14, what is -1c5 - -2801?
261a
In base 9, what is -78 + 148?
60
In base 9, what is 35 - 316?
-271
In base 13, what is 12ab3 - -5?
12ab8
In base 15, what is 2 - 284c3?
-284c1
In base 15, what is 1c445 - -11?
1c456
In base 9, what is -2 + 42442